st common divisor of 675 and 75?
75
What is the highest common divisor of 41 and 533?
41
Calculate the greatest common factor of 37 and 1073.
37
What is the highest common divisor of 21 and 273?
21
Calculate the highest common factor of 66 and 2244.
66
What is the highest common divisor of 24 and 6444?
12
What is the highest common divisor of 790 and 10?
10
What is the greatest common divisor of 9036 and 72?
36
What is the greatest common factor of 114 and 399?
57
What is the greatest common factor of 4676 and 28?
28
What is the highest common factor of 41 and 779?
41
Calculate the highest common factor of 146 and 16.
2
What is the highest common divisor of 539 and 231?
77
Calculate the greatest common factor of 23044 and 8.
4
What is the greatest common factor of 160 and 416?
32
Calculate the highest common factor of 2 and 6.
2
What is the highest common divisor of 18358 and 268?
134
Calculate the greatest common factor of 57144 and 24.
24
What is the highest common divisor of 284 and 4047?
71
What is the highest common factor of 1245 and 15?
15
Calculate the highest common factor of 123 and 41.
41
What is the greatest common divisor of 213 and 3?
3
What is the highest common divisor of 26 and 4654?
26
Calculate the greatest common factor of 60 and 492.
12
Calculate the highest common divisor of 215 and 86.
43
What is the highest common divisor of 2 and 34?
2
Calculate the highest common factor of 5124 and 84.
84
What is the highest common divisor of 2442 and 330?
66
What is the highest common factor of 780 and 12?
12
What is the highest common factor of 77 and 1243?
11
What is the greatest common divisor of 18 and 32?
2
Calculate the greatest common factor of 26 and 13.
13
What is the greatest common factor of 2944 and 23?
23
What is the greatest common divisor of 15 and 34830?
15
Calculate the highest common divisor of 36 and 2214.
18
Calculate the greatest common divisor of 99 and 4059.
99
What is the greatest common factor of 20 and 44890?
10
Calculate the greatest common divisor of 4770 and 10.
10
Calculate the highest common factor of 1692 and 470.
94
What is the highest common factor of 1035 and 225?
45
What is the highest common divisor of 2580 and 36?
12
Calculate the greatest common factor of 2703 and 153.
51
What is the greatest common factor of 1950 and 18?
6
What is the greatest common divisor of 8690 and 30?
10
What is the highest common factor of 10360 and 7?
7
What is the highest common factor of 63 and 153?
9
Calculate the highest common factor of 56 and 18004.
28
What is the highest common divisor of 33 and 4?
1
What is the greatest common factor of 1712 and 24?
8
Calculate the greatest common divisor of 82 and 23042.
82
Calculate the greatest common factor of 72 and 1.
1
What is the highest common divisor of 46 and 805?
23
What is the highest common divisor of 340 and 51?
17
What is the highest common divisor of 10 and 14470?
10
Calculate the greatest common divisor of 28 and 518.
14
What is the highest common factor of 218 and 2?
2
Calculate the greatest common factor of 588 and 1344.
84
Calculate the highest common divisor of 39 and 416.
13
What is the greatest common divisor of 570 and 342?
114
What is the greatest common divisor of 11011 and 91?
91
What is the greatest common factor of 24 and 80?
8
Calculate the highest common factor of 135 and 7065.
45
Calculate the greatest common divisor of 2147 and 1921.
113
Calculate the greatest common divisor of 1826 and 10624.
166
What is the greatest common divisor of 418 and 22?
22
What is the greatest common divisor of 105 and 165?
15
What is the greatest common divisor of 133 and 912?
19
Calculate the highest common factor of 1920 and 435.
15
What is the greatest common divisor of 1160 and 45?
5
What is the highest common factor of 10269 and 441?
63
What is the highest common divisor of 96 and 552?
24
Calculate the greatest common factor of 5814 and 510.
102
What is the highest common factor of 24 and 21?
3
Calculate the greatest common factor of 117 and 13.
13
Calculate the highest common divisor of 47 and 1927.
47
What is the highest common factor of 8998 and 33?
11
Calculate the greatest common factor of 1185 and 12561.
237
What is the greatest common divisor of 90308 and 422?
422
What is the greatest common divisor of 414 and 720?
18
What is the greatest common divisor of 60 and 255?
15
Calculate the greatest common factor of 3341 and 39.
13
What is the greatest common factor of 143 and 13?
13
Calculate the highest common divisor of 791 and 113.
113
Calculate the greatest common factor of 696 and 87.
87
What is the greatest common factor of 3000 and 48?
24
What is the greatest common divisor of 54 and 522?
18
What is the highest common divisor of 28 and 322?
14
Calculate the greatest common divisor of 69 and 3657.
69
What is the greatest common factor of 870 and 40?
10
Calculate the highest common divisor of 10 and 320.
10
What is the highest common factor of 111 and 777?
111
Calculate the highest common divisor of 2996 and 28.
28
What is the greatest common factor of 24 and 1464?
24
What is the greatest common divisor of 44 and 2948?
44
What is the highest common divisor of 88 and 33?
11
What is the greatest common divisor of 1127 and 49?
49
What is the greatest common divisor of 1404 and 2700?
108
What is the highest common divisor of 308 and 286?
22
Calculate the highest common divisor of 189 and 840.
21
Calculate the highest common divisor of 194 and 80.
2
Calculate the greatest common factor of 10 and 320.
10
What is the highest common factor of 272 and 4?
4
Calculate the highest common factor of 8 and 98.
2
Calculate the highest common divisor of 243 and 747.
9
Calculate the greatest common factor of 1970 and 30.
10
Calculate the greatest common factor of 188 and 2.
2
What is the highest common divisor of 1196 and 26?
26
Calculate the greatest common factor of 19 and 19.
19
What is the greatest common factor of 1 and 7?
1
Calculate the greatest common divisor of 144 and 528.
48
What is the highest common factor of 175 and 225?
25
What is the greatest common factor of 84 and 63?
21
Calculate the highest common factor of 469 and 134.
67
Calculate the highest common factor of 23 and 506.
23
Calculate the greatest common divisor of 60 and 18010.
10
What is the highest common factor of 30 and 15070?
10
Calculate the highest common divisor of 1888 and 20.
4
What is the highest common factor of 550 and 451?
11
Calculate the greatest common factor of 37 and 1258.
37
What is the greatest common factor of 6 and 136?
2
Calculate the greatest common factor of 7 and 581.
7
Calculate the highest common factor of 6157 and 131.
131
Calculate the highest common divisor of 4950 and 50.
50
Calculate the greatest common factor of 2146 and 174.
58
Calculate the highest common factor of 81 and 63.
9
Calculate the highest common factor of 3456 and 648.
216
Calculate the greatest common divisor of 27 and 87.
3
What is the greatest common divisor of 153 and 6?
3
What is the greatest common factor of 160 and 2208?
32
Calculate the greatest common factor of 14980 and 280.
140
Calculate the highest common factor of 176 and 374.
22
What is the greatest common divisor of 18664 and 8?
8
Calculate the greatest common divisor of 54 and 18.
18
Calculate the highest common factor of 34 and 1717.
17
Calculate the greatest common factor of 404 and 303.
101
Calculate the highest common divisor of 7656 and 132.
132
Calculate the greatest common divisor of 70 and 60.
10
Calculate the highest common divisor of 8505 and 162.
81
What is the greatest common factor of 208 and 572?
52
What is the highest common factor of 72 and 159?
3
Calculate the greatest common factor of 48 and 4440.
24
Calculate the highest common factor of 13 and 1.
1
What is the highest common divisor of 558 and 36?
18
Calculate the greatest common divisor of 620 and 80.
20
Calculate the greatest common factor of 574 and 28.
14
What is the greatest common factor of 1530 and 450?
90
What is the highest common divisor of 13 and 104?
13
What is the greatest common factor of 1602 and 126?
18
Calculate the greatest common divisor of 321 and 1391.
107
Calculate the highest common factor of 308 and 1100.
44
What is the greatest common fact